41?
302
In base 3, what is -20222 + -10?
-21002
In base 5, what is 101 + -230?
-124
In base 13, what is -2 + b5?
b3
In base 5, what is 12 - -3?
20
In base 12, what is 4 + 2a4?
2a8
In base 12, what is -25 + 3b?
16
In base 13, what is -2 - -57?
55
In base 6, what is 1025 - 0?
1025
In base 12, what is -8080 - 0?
-8080
In base 15, what is 0 + 4?
4
In base 8, what is 14 - 27?
-13
In base 12, what is -1a715 - -3?
-1a712
In base 9, what is 453 + 0?
453
In base 16, what is 28 - 20?
8
In base 5, what is 30 - 44?
-14
In base 6, what is 31 + 504?
535
In base 3, what is -2212 + -1110?
-11022
In base 11, what is 0 - 51?
-51
In base 13, what is -6 - -789?
783
In base 4, what is -103013 - 0?
-103013
In base 11, what is 722 + 3?
725
In base 4, what is 3003 + 11?
3020
In base 16, what is 2 - -3d?
3f
In base 13, what is -4 + -210?
-214
In base 5, what is 0 + 33?
33
In base 7, what is 5 + -10063?
-10055
In base 2, what is 11100 - 110?
10110
In base 12, what is -3 - -130?
129
In base 6, what is 24151 - -1?
24152
In base 11, what is 5 + 766?
770
In base 14, what is 7 + -14?
-b
In base 16, what is -cb5 - -5?
-cb0
In base 6, what is -132 - -2?
-130
In base 4, what is -23100 + -10?
-23110
In base 13, what is -1871 - -2?
-186c
In base 10, what is 123 + -2?
121
In base 4, what is -1 - 133?
-200
In base 10, what is 9 + -27?
-18
In base 16, what is 5 + 565?
56a
In base 11, what is -586 + 4?
-582
In base 14, what is 36 - 3?
33
In base 13, what is 1 + 36?
37
In base 9, what is 13607 + -3?
13604
In base 3, what is 2 + -1001110?
-1001101
In base 7, what is -11 + -544?
-555
In base 15, what is -5 + -513?
-518
In base 5, what is -43 - 4?
-102
In base 4, what is 2010 - -3?
2013
In base 7, what is -165 - -4?
-161
In base 2, what is -11111 - -110101010?
110001011
In base 10, what is -3 + -716?
-719
In base 9, what is 514 + -1?
513
In base 12, what is -5 + -17?
-20
In base 3, what is -21022 - -1?
-21021
In base 5, what is 10 + -41?
-31
In base 10, what is 12305 - 3?
12302
In base 5, what is 102 - 3?
44
In base 11, what is -15800 - 2?
-15802
In base 15, what is -1 + -978?
-979
In base 13, what is 580 - -3?
583
In base 5, what is 140 + -3343?
-3203
In base 2, what is -10000 + 110000101?
101110101
In base 4, what is 0 + 1002?
1002
In base 15, what is 77a + -5?
775
In base 2, what is 10 + -101101111?
-101101101
In base 9, what is -7872 - -5?
-7866
In base 14, what is 5 + 7?
c
In base 4, what is -13201 + -2?
-13203
In base 5, what is -201242 - -4?
-201233
In base 5, what is -2 - -11242?
11240
In base 11, what is a + 140?
14a
In base 13, what is -2 - 1c?
-21
In base 11, what is -143 - 5?
-148
In base 16, what is -49f - 5?
-4a4
In base 2, what is 11 + 10010?
10101
In base 4, what is -11 + -1100?
-1111
In base 5, what is -4 - 321?
-330
In base 11, what is -1 + -10?
-11
In base 14, what is 0 - -2c?
2c
In base 3, what is 1 - 20221?
-20220
In base 10, what is -1 + 0?
-1
In base 5, what is 3 + -44?
-41
In base 15, what is 1a + 2a?
45
In base 14, what is -191 + 2?
-18d
In base 16, what is 1 + -5e?
-5d
In base 11, what is 6 - 2?
4
In base 16, what is -4f13 + 1?
-4f12
In base 14, what is -3 + -8d?
-92
In base 7, what is 36 - 2?
34
In base 10, what is -738 + 4?
-734
In base 2, what is 0 + -1111000?
-1111000
In base 6, what is -105 + 20?
-45
In base 16, what is 128d3 + -2?
128d1
In base 13, what is 118 - 9?
10c
In base 10, what is 6 - 1970?
-1964
In base 2, what is 10111101 + 11101?
11011010
In base 15, what is 1 - 182?
-181
In base 11, what is -28 - -1a?
-9
In base 15, what is 0 - -3a?
3a
In base 16, what is -215a - -3?
-2157
In base 6, what is 20 - -222?
242
In base 7, what is -562 - 2?
-564
In base 14, what is 5 - -368?
36d
In base 16, what is -2 - bd?
-bf
In base 16, what is -f + -9?
-18
In base 4, what is 1010 + -103?
301
In base 16, what is -57 + -4?
-5b
In base 6, what is 21 - 52?
-31
In base 8, what is -5 + -33?
-40
In base 12, what is 7 - -2?
9
In base 14, what is -1112 - 3?
-1115
In base 3, what is 10 - 11220?
-11210
In base 3, what is 12 + -11102?
-11020
In base 4, what is 3 + 1110?
1113
In base 15, what is -9 - 16?
-20
In base 13, what is -2907 - -4?
-2903
In base 16, what is 2 + -15?
-13
In base 7, what is 215 - 4?
211
In base 5, what is -42 + 23?
-14
In base 15, what is c - c1?
-b4
In base 13, what is -4 - 95?
-99
In base 4, what is 1301 - 132?
1103
In base 12, what is -8302 - -2?
-8300
In base 4, what is -123 - -2?
-121
In base 12, what is -423 - 7?
-42a
In base 7, what is -6321 - -4?
-6314
In base 14, what is 1d + 6?
25
In base 2, what is -1 + 1100000000?
1011111111
In base 8, what is 3 - 266?
-263
In base 9, what is 72 - 33?
38
In base 11, what is 2 + -10?
-9
In base 12, what is 4 + 7b?
83
In base 5, what is -1 + -1411?
-1412
In base 14, what is 62 - -5?
67
In base 6, what is -2 - 24045?
-24051
In base 5, what is 400 + 32?
432
In base 8, what is 2 + 0?
2
In base 4, what is 33302 + 1?
33303
In base 7, what is -16 + 20?
1
In base 8, what is -30 + -50?
-100
In base 10, what is -29 + 321?
292
In base 14, what is -53 - -6?
-4b
In base 12, what is 5 + 337?
340
In base 4, what is -11 + 203?
132
In base 7, what is -5 + -111?
-116
In base 5, what is 323 - -31?
404
In base 2, what is 1110 + 110000000?
110001110
In base 14, what is -83 - -1d?
-64
In base 12, what is -10 + -60?
-70
In base 9, what is -1016 + 4?
-1012
In base 8, what is -2 - -75?
73
In base 6, what is -12342 + -1?
-12343
In base 6, what is 205 - -251?
500
In base 8, what is 67 + -365?
-276
In base 15, what is 2 - -c?
e
In base 13, what is 11 - 77?
-66
In base 7, what is -14 + 62?
45
In base 10, what is -49 + 5?
-44
In base 9, what is -2 + 8?
6
In base 9, what is -2 - -1722?
1720
In base 6, what is 4 - -5?
13
In base 4, what is -1 + -130202?
-130203
In base 7, what is -3 - -5326?
5323
In base 9, what is 26 + 650?
676
In base 15, what is 1 - -69?
6a
In base 12, what is -248 + 3?
-245
In base 16, what is -9 - 0?
-9
In base 4, what is -23 - -1113?
1030
In base 10, what is -4527 + 1?
-4526
In base 6, what is -1 + 12232?
12231
In base 3, what is 12 + 1002002?
1002021
In base 10, what is -1 + 42?
41
In base 2, what is -101 + 110010110?
110010001
In base 6, what is -4 - 152?
-200
In base 4, what is 231 - -213?
1110
In base 13, what is -130 - -5?
-128
In base 11, what is 2 + -1427?
-1425
In base 12, what is -3a4 + -3?
-3a7
In base 9, what is 117 - -4?
122
In base 6, what is -2 - 3550?
-3552
In base 4, what is 23010010 - 10?
23010000
In base 16, what is 14 - -2?
16
In base 14, what is 4 + -176?
-172
In base 6, what is -5331 - -5?
-5322
In base 5, what is 13 + -3214?
-3201
In base 7, what is 4324 - 3?
4321
In base 10, what is -331 - -5?
-326
In base 8, what is 1317 - 12?
1305
In base 4, what is -11 + -3123?
-3200
In base 2, what is 10 - 111101?
-111011
In base 2, what is 1101001000 - -11?
1101001011
In base 10, what is 19 - -592?
611
In base 10, what is 81 - 3?
78
In base 5, what is -2 - 1124?
-1131
In base 6, what is -101 + 314?
213
In base 16, what is 2 + -1a9a?
-1a98
In base 8, what is 623 + 24?
647
In base 5, what is -10 - -10333?
10323
In base 9, what is -5 + -40?
-45
In base 4, what is 1 + -132103?
-132102
In base 11, what is -12 + 3?
-a
In base 7, what is 3 + 101?
104
In base 4, what is 103 + 2211?
2320
In base 13, what is 3 + 1a?
20
In base 9, what is -2067 - -1?
-2066
In base 15, what is dc + 6?
e3
In base 10, what is 24 - -50?
74
In base 6, what is 11 - -23?
34
In base 11, what is -202 + -2?
-204
In base 3, what is -2010 + 212?
-1021
In base 14, what is 6 - -15c?
164
In base 9, what is -72 + -10?
-82
In base 15, what is 0 - -4c?
4c
In base 11, what is -59 + 0?
-59
In base 13, what is 26 - 3?
23
In base 16, what is 0 + 4b?
4b
In base 7, what is -43504 + -2?
-43506
In base 7, what is 5 - -6043?
6051
In base 5, what is 3003 + -21?
2432
In base 12, what is -3 + -86?
-89
In base 8, what is -3 - -376?
373
In base 12, what is 5 - -429?
432
In base 8, what is 33 - -474?
527
In base 8, what is 1 - -311?
312
In base 9, what is 1 + -270?
-268
In base 10, what is 4 - -64?
68
In base 7, what is -62 - -16?
-43
In base 9, what is 5 + 408?
414
In base 11, what is 15 - -19?
33
In base 14, what is 17 + 1?
18
In base 10, what is -2 + 146?
144
In base 12, what is 177 - -25?
1a0
In base 5, what is -244 + -10?
-304
In base 13, what is -9839 - -